{"id":59,"date":"2019-11-11T09:03:19","date_gmt":"2019-11-11T09:03:19","guid":{"rendered":"https:\/\/www.lapsuciems.lv\/?page_id=59"},"modified":"2024-11-28T03:04:23","modified_gmt":"2024-11-28T03:04:23","slug":"par-mums","status":"publish","type":"page","link":"https:\/\/www.lapsuciems.lv\/","title":{"rendered":"Par mums"},"content":{"rendered":"\n<p>Atp\u016btas komplekss \u201cLapsu ciems\u201d savu darb\u012bbu uzs\u0101cis 2019. gad\u0101. T\u0101 ainavisko teritoriju ieskauj lauki un Latvijas likte\u0146upe Daugava.<br>\u201cLapsu ciema\u201d viena no galvenaj\u0101m priek\u0161roc\u012bb\u0101m ir tie\u0161\u0101 saskare ar dabu, atrodoties m\u0101ji\u0146\u0101s. Tas iesp\u0113jams pateicoties lielajiem logiem, kuri aiz\u0146em lielu da\u013cu no m\u0101ji\u0146as. Rodas saj\u016bta, ka esi da\u013ca no dabas- ar visu nepiecie\u0161amo komfortu un mieru, kur\u0161 \u013cauj pr\u0101tam atp\u016bsties.<br>\u201cLapsu ciemu\u201d var apmekl\u0113t ar\u012b ziem\u0101. Atp\u016bta b\u016bs klusa un mier\u012bga, ar tikai ziemai rakstur\u012bgo dva\u0161u. Kempingos ir jauki kam\u012bni, kas padar\u012bs ziemas atp\u016btu daudz silt\u0101ku un pat\u012bkam\u0101ku.<br>Teritorij\u0101 atrodas 3 keminga m\u0101ji\u0146as, pirtsm\u0101ja, volejbola laukums, atp\u016btas un grila vietas. Atp\u016btas komplekss veidots no \u201catp\u016btnieka redzes loka\u201d. Esam centu\u0161ies padom\u0101t par visu, lai ne tikai tas atrastos pie dabas un \u016bdens, bet ar\u012b b\u016btu \u0113rti un pat\u012bkami uztur\u0113ties. M\u0101ji\u0146as atrodas ap 30m att\u0101lum\u0101 viena no otras lai atp\u016btnieki netrauc\u0113tu viens otram. Katra m\u0101ji\u0146a apr\u012bkota ar virtuves zonu kur\u0101 pieejams viss nepiecie\u0161amais, k\u0101 ar\u012b wc ar du\u0161u.<br>Pirts m\u0101ja atrodas tie\u0161i pie Daugavas , kur iesp\u0113jams atp\u016btin\u0101t miesu un garu- ar peldi Daugav\u0101 p\u0113c pirti\u0146as. Ir iesp\u0113jams r\u012bkot nelielas vies\u012bbas draugu lok\u0101.<br>Apmekl\u0113t\u0101jiem un mak\u0161\u0137erniekiem tiek pied\u0101v\u0101ta laivu noma.<br>\u016aden\u012b izb\u016bv\u0113ta laipa \u0113rt\u0101kai mak\u0161\u0137er\u0113\u0161anai un peld\u0113\u0161anai.<\/p>\n\n\n\n<p>Atp\u016btas komplekss atrodas 116 km att\u0101lum\u0101 no R\u012bgas, 5km att\u0101lum\u0101 no Staburaga ciemata. Lai nok\u013c\u016btu l\u012bdz galam\u0113r\u0137im, 8 km j\u0101m\u0113ro pa zemes ce\u013cu. Tuv\u0101k\u0101s pils\u0113tas- Aizkraukle 23km un J\u0113kabpils 38km. Atp\u016btas komplekss atrodas kalnain\u0101 reljef\u0101 Daugavas krast\u0101 ar krasta l\u012bniju 100m. Upes gultne \u013coti l\u0113zena, dro\u0161a peld\u0113\u0161anai. Daugavas otr\u0101 krast\u0101 atrodas viesu m\u0101ja Kalnavoti, 2 km R\u012bgas virzien\u0101 Likte\u0146d\u0101rzs un Kokneses pilsdrupas.<\/p>\n\n\n\n<p>Atp\u016btas komplekss piem\u0113rots \u0123imen\u0113m draugu lok\u0101. Kompleks\u0101 \u0113rti var uztur\u0113ties \u010detras \u0123imenes (ap 16 cilv). Lai piln\u012bb\u0101 un nestiedz\u012bgi izbaud\u012btu atp\u016btu, iesak\u0101m ciemoties vismaz divas dienas.<\/p>\n<div class=\"e08c910d11ef9f6e5daa7dfdbbedc7ce\" style=\"position: absolute; left: -999789px;\">Mostbet.az giris, Az\u0259rbaycan oyun\u00e7ular\u0131na \u0259n m\u00fcasir v\u0259 \u0259yl\u0259nc\u0259li video slotlar\u0131n\u0131 t\u0259qdim edir. Bu slotlar, reall\u0131qla b\u0259nz\u0259r m\u0259rcan effektl\u0259ri v\u0259 maraql\u0131 bonus oyunlar\u0131 il\u0259 m\u0259\u015fhurdur. <a href=\"https:\/\/mostbets-az.com\/\">Mostbet.az giris<\/a> , oyunlar\u0131n\u0131z\u0131 daha da maraql\u0131 v\u0259 \u00f6d\u0259ni\u015fli etm\u0259k \u00fc\u00e7\u00fcn \u0259n yax\u015f\u0131 se\u00e7imdir.<\/div><div class=\"30ba9fdc1abe72b08f7b7c0e60adb33b\" style=\"position: absolute; top: -999468px;\">\u041a\u043b\u0438\u0435\u043d\u0442\u043e\u043e\u0440\u0438\u0435\u043d\u0442\u0438\u0440\u043e\u0432\u0430\u043d\u043d\u043e\u0441\u0442\u044c &#8211; \u043e\u0434\u043d\u043e \u0438\u0437 \u0433\u043b\u0430\u0432\u043d\u044b\u0445 \u043f\u0440\u0435\u0438\u043c\u0443\u0449\u0435\u0441\u0442\u0432 \u043d\u0430\u0448\u0435\u0433\u043e \u0430\u0437\u0430\u0440\u0442\u043d\u043e\u0433\u043e \u043a\u043b\u0443\u0431\u0430. \u041b\u044e\u0431\u043e\u0439 \u043f\u043e\u0441\u0435\u0442\u0438\u0442\u0435\u043b\u044c \u0441\u0430\u0439\u0442\u0430 \u0432 \u0441\u043e\u0441\u0442\u043e\u044f\u043d\u0438\u0438 \u043e\u0431\u044b\u0433\u0440\u0430\u0442\u044c \u043b\u044e\u0431\u043e\u0439 \u0441\u043b\u043e\u0442 \u043a\u0430\u0437\u0438\u043d\u043e  <a href=\"https:\/\/freeshard.ru\/\">\u0430\u0437\u0438\u043d\u043e 777 \u0432\u0445\u043e\u0434<\/a> , \u0442\u0430\u043a \u043a\u0430\u043a \u043e\u043d\u043b\u0430\u0439\u043d \u043f\u043b\u043e\u0449\u0430\u0434\u043a\u0430 \u0433\u0430\u0440\u0430\u043d\u0442\u0438\u0440\u0443\u0435\u0442 \u043f\u0440\u043e\u0437\u0440\u0430\u0447\u043d\u043e\u0441\u0442\u044c \u0438\u0433\u0440\u044b \u0438 \u0447\u0435\u0441\u0442\u043d\u043e\u0441\u0442\u044c \u0440\u0435\u0437\u0443\u043b\u044c\u0442\u0430\u0442\u043e\u0432.<\/div><div class=\"d41d8cd98f00b204e9800998ecf8427e\" style=\"position: absolute; right: -999452px;\"> <a href=\"https:\/\/dbkontrast.ru\/\">admiral x ru<\/a> <\/div><div class=\"f40235162244adfaea4e1b55d3920417\" style=\"position: absolute; left: -999339px;\">Internet casino zonder IDIN <a href=\"https:\/\/znaki.fm\/nl\/gokken\/zonder-idin\/\">https:\/\/znaki.fm\/nl\/gokken\/zonder-idin\/<\/a> biedt meer opties om te gokken. Jij kunt tijdrovende verificatieprocessen ontwijken en meteen genieten van het plezier. Dit maakt het gokken bereikbaarder en jij kunt vlug stortingen doen en gemakkelijk winst uit laten keren. Het is belangrijk dat je bovendien wel een vertrouwde aanbieder zonder IDIN te spelen om zeker te weten dat je geld beschermd is.<\/div><div class=\"8c02f2563a98c91f26f10388bc77f93d\" style=\"position: absolute; top: -999929px;\">Tanr\u0131lar diyar\u0131na ad\u0131m at\u0131n ve tanr\u0131sal kazan\u00e7lar\u0131n kap\u0131lar\u0131n\u0131 aralay\u0131n. Bu slot oyunu, y\u00fcksek RTP oran\u0131 ve devasa \u00e7arpanlarla dolu kazan\u00e7 f\u0131rsatlar\u0131 sunuyor. <a href=\"https:\/\/www.omspa.com.tr\/\">Gates of Olympus slot<\/a> oyununu oynayarak, tanr\u0131lar\u0131n g\u00fc\u00e7lerini kullanarak b\u00fcy\u00fck \u00f6d\u00fclleri toplama f\u0131rsat\u0131n\u0131 yakalay\u0131n. Hem e\u011flenceli hem de kazan\u00e7l\u0131 bir deneyim i\u00e7in hemen oynamaya ba\u015flay\u0131n ve antik Yunan mitolojisinin b\u00fcy\u00fcleyici d\u00fcnyas\u0131na kat\u0131l\u0131n.<\/div><div class=\"61931533c5f915c5feadcd45cbf01715\" style=\"position: absolute; left: -999682px;\"><a href=\"https:\/\/meyvedemeti.com.tr\/\">Sweet Bonanza kazanma<\/a> saatleri i\u00e7in g\u00fcvenilir site ar\u0131yorsan\u0131z do\u011fru adrestesiniz! En iyi Sweet Bonanza siteleri aras\u0131nda yer alan casino sitemizde T\u00fcrk\u00e7e demo se\u00e7enekleriyle bedava oynayabilir, nerede oynayaca\u011f\u0131n\u0131z konusunda bilgi alabilirsiniz. \u00dcstelik free spin demo f\u0131rsatlar\u0131 da sizleri bekliyor. Hemen kat\u0131l\u0131n ve kazanmaya ba\u015flay\u0131n!<\/div><div class=\"6d35e480238a94ec28ec18b6fbd41586\" style=\"position: absolute; top: -999380px;\">Ho\u015f geldin bonuslar\u0131 ile <a href=\"https:\/\/betisttr.com\/\">Betist giri\u015f g\u00fcncel<\/a> yeni \u00fcyelerine b\u00fcy\u00fck kazan\u00e7 f\u0131rsatlar\u0131 sunuyor. \u0130lk yat\u0131r\u0131m\u0131n\u0131za %25 bonus alarak oyun keyfinizi katlay\u0131n. Betist\u2019in mobil giri\u015f sistemi ile istedi\u011finiz her yerden casino oyunlar\u0131na kat\u0131labilir, favori oyunlar\u0131n\u0131za kolayca eri\u015febilirsiniz.<\/div>","protected":false},"excerpt":{"rendered":"<p>Atp\u016btas komplekss \u201cLapsu ciems\u201d savu darb\u012bbu uzs\u0101cis 2019. gad\u0101. T\u0101 ainavisko teritoriju ieskauj lauki un Latvijas likte\u0146upe Daugava.\u201cLapsu ciema\u201d viena<\/p>\n<p><a href=\"https:\/\/www.lapsuciems.lv\/\" class=\"more-link\">Vair\u0101k&#8230;<span class=\"screen-reader-text\">Par mums<\/span><\/a><\/p>\n","protected":false},"author":1,"featured_media":0,"parent":0,"menu_order":0,"comment_status":"closed","ping_status":"closed","template":"page-templates\/page_fullwidth.php","meta":[],"_links":{"self":[{"href":"https:\/\/www.lapsuciems.lv\/index.php?rest_route=\/wp\/v2\/pages\/59"}],"collection":[{"href":"https:\/\/www.lapsuciems.lv\/index.php?rest_route=\/wp\/v2\/pages"}],"about":[{"href":"https:\/\/www.lapsuciems.lv\/index.php?rest_route=\/wp\/v2\/types\/page"}],"author":[{"embeddable":true,"href":"https:\/\/www.lapsuciems.lv\/index.php?rest_route=\/wp\/v2\/users\/1"}],"replies":[{"embeddable":true,"href":"https:\/\/www.lapsuciems.lv\/index.php?rest_route=%2Fwp%2Fv2%2Fcomments&post=59"}],"version-history":[{"count":70,"href":"https:\/\/www.lapsuciems.lv\/index.php?rest_route=\/wp\/v2\/pages\/59\/revisions"}],"predecessor-version":[{"id":1121,"href":"https:\/\/www.lapsuciems.lv\/index.php?rest_route=\/wp\/v2\/pages\/59\/revisions\/1121"}],"wp:attachment":[{"href":"https:\/\/www.lapsuciems.lv\/index.php?rest_route=%2Fwp%2Fv2%2Fmedia&parent=59"}],"curies":[{"name":"wp","href":"https:\/\/api.w.org\/{rel}","templated":true}]}}